et l(a) = a**3 - 4*a**2 + 2*a - 4. Suppose -4*n - 3*s + 10 = 0, -4*s + 6 = 4*n - 2. Let g(z) = -z**3 + n + 10*z - 1 - 9*z. Let q be g(0). What is l(q)?
-7
Let h(t) = -5*t**2 - 13*t + 2. Let y(j) = 2*j**2 + 6*j - 1. Let n(c) = -3*h(c) - 7*y(c). Calculate n(2).
-1
Suppose 9*r = 10*r + 4. Let h(a) = -5*a + 4*a**2 - 2*a**2 - 3*a**2 - 5. Calculate h(r).
-1
Let a(u) = -3*u**2 - u. Let f be a(-1). Let n(d) = d**3 - 9*d**2 + 2*d - 13. Let s be n(9). Let g(o) = 2*o**2 + 4*o**2 + o - s*o**2. Calculate g(f).
2
Let j(c) = -4*c**2 - c**2 - 6*c**3 - c + 5 + 4*c**2. Let x(m) = 4 + 2 - m - m**2 - 6*m**3 - m**3. Let g(s) = -6*j(s) + 5*x(s). Give g(-2).
-6
Let l(z) be the second derivative of z**6/120 + z**5/12 - z**4/4 + z**3 + 2*z**2 - 2*z. Let a(b) be the first derivative of l(b). Determine a(-6).
6
Let h(x) = x**2 + x - 8. Let g(k) = -k**2 + 3*k. Suppose 3*q = q + 6. Let n be g(q). What is h(n)?
-8
Let s(n) = n**2 + 3*n. Let r be s(-4). Suppose r*g - 5 + 13 = 0. Let q(z) be the first derivative of -z**4/4 - z**3/3 + z**2 + 2*z - 2. Calculate q(g).
2
Let t(i) = i**3 + 5*i**2 + 5*i + 5. Let w be 2 + 0 + 72/(-12). Determine t(w).
1
Let q be 8/6 + (-2)/(-3). Let r = q - 0. Suppose r*n = -n - 6. Let m(g) = -g**2 + 2. Calculate m(n).
-2
Let b(s) = -s**3 - 4*s**2 + s + 2. Suppose -8 = 6*k + 10. What is b(k)?
-10
Let b be 3/((-3)/2 + 1). Let t be b + (-1)/((-1)/2). Let m(f) = -2*f - 1. Give m(t).
7
Let a(g) = 4 + 30*g - 31*g - 5. Let u(z) = 4*z - 4. Let m(b) = -2*a(b) - u(b). Give m(4).
-2
Let b(g) = -g**2 - 9*g - 2. Let n be b(-8). Let d(z) be the first derivative of 1 + 5*z + 1/3*z**3 - 7/2*z**2. What is d(n)?
-1
Let l(v) = -v + 1. Let w be 2/(-12) - (-31)/6. Let m be (-35)/((-1)/(0 - -1)). Suppose -w*a + 2*h = m - 0, 0 = 4*a + 4*h. What is l(a)?
6
Let n(i) = -i**3 - 5*i**2 - 3*i - 5. Let v be (20/(-6))/(-2)*3. Suppose 2*q - r = 1, 3*q - 19 = v*r - 0*r. Let u = -3 + q. What is n(u)?
10
Let c(n) = -n - 10. Let p be c(-5). Let b(d) = -4*d**3 - 9*d**2 - d + 8. Let m(t) = 9*t**3 + 19*t**2 + t - 17. Let l(w) = -7*b(w) - 3*m(w). Give l(p).
0
Let x(s) be the second derivative of -s**4/12 + s**3/6 - s**2/2 - 4*s. Let t(l) = 6*l**2 + 4. Let i(z) = t(z) + 5*x(z). Let o be 26/(-7) + (-2)/7. Give i(o).
-5
Let j be (-3 - -2)/((-1)/3). Let b(y) = y - 4*y**2 + j*y**2 - 2 - 4. Determine b(0).
-6
Let j(l) = l**2 + l - 3. Let z(c) = c - 4. Let i be z(4). Suppose 0 = 5*y + r, -3*y = -4*r - i*r. Give j(y).
-3
Let o = 0 - -2. Suppose 20 = -3*x + 8*x, -o*p - 3*x = 0. Let b(r) = -r**2 - 7*r - 7. Let l be b(p). Let w(i) = 5*i - 1. Determine w(l).
-6
Suppose f + 9 = 5. Let d(q) = -q**2 - 4*q - 1. What is d(f)?
-1
Let b(m) = m**2 - 2*m + 1. Let t be b(4). Let w = t + -10. Let d be w/((-2)/(-6*1)). Let z(v) = -v**3 - 2*v**2 + 4*v + 1. Calculate z(d).
-2
Let s(i) = 3*i - 9. Let t(w) = 4*w - 8. Let f(p) = 5*s(p) - 4*t(p). Calculate f(-8).
-5
Let f(a) = -a**2 + 2. Let g(z) = 3*z**3 + 2*z**2 - 2*z - 11. Let l(c) = c**3 + c**2 - c - 4. Let o(w) = 3*g(w) - 8*l(w). Let v be o(1). Determine f(v).
2
Let m(i) = 2*i**2 - 2 - 6*i - 1 - 3*i**2. Determine m(-6).
-3
Let y(v) = -v**2 + 3*v - 1. Let o be y(3). Let t(d) = -2 + 0 - 9*d + 2 - 1. Determine t(o).
8
Let a(y) = 4*y**2 + 4*y + 4. Let h(g) be the second derivative of -1/12*g**4 - g - 1/2*g**2 + 0*g**3 + 0. Let q(t) = -a(t) - 6*h(t). Give q(3).
8
Suppose -3*u + 9*u = 24. Let c(o) = o**3 - 5*o**2 + 2*o + 5. Determine c(u).
-3
Let k be 1/((4/6)/(-2)). Let p be k*1*(0 - -1). Let o(x) = -8*x**3 + 9*x**2 + 23. Let m(h) = 3*h**3 - 3*h**2 - 8. Let c(y) = 11*m(y) + 4*o(y). What is c(p)?
4
Let f(r) = r**3 + 4*r**2 - 3*r. Let t(w) = 5*w - 7. Let l(c) = 4*c - 6. Let v(y) = 6*l(y) - 5*t(y). Let n be v(4). Calculate f(n).
-10
Let v(c) = -3*c**3 + 2*c + 1. Suppose 4*l = -5*n - 4 + 17, -n - 1 = -l. Suppose -2*g + 2*z = -2, 0 = 4*g - 5*z - 7 + l. Let s = -1 - g. Determine v(s).
2
Suppose 0 = -w - l, 4*l + 12 + 4 = 0. Let c(v) = -1 - 1 - 2*v + v + w. Calculate c(6).
-4
Suppose 0 = p - 4*p + 15. Let r(b) = b**3 - 4*b**2 - 4*b - 3. Let g be r(p). Let v(t) be the second derivative of -t**3/2 + t**2 + t. What is v(g)?
-4
Let b(z) = 0*z**2 + 3 - z**2 + 3*z**2 + 0*z + 2*z + 2*z**3. Let d(s) = 3*s**3 + 3*s**2 + s + 3. Let g(r) = -4*b(r) + 3*d(r). Calculate g(-3).
-6
Let d(t) = -9*t - 1. Let p = -5 - -5. Suppose -5*b + 13 + 12 = p. Suppose 2*y - 3 = -b. Give d(y).
8
Let v be (2/4)/((-8)/112). Let i(p) = p + 9. Determine i(v).
2
Let a = 4 + -2. Let k(g) = 6*g**2 - 6*g - 3. Let w(p) = 13*p**2 - 13*p - 7. Let q(y) = 7*k(y) - 3*w(y). Calculate q(a).
6
Let v(k) be the third derivative of k**5/60 + k**3 + 5*k**2. Give v(0).
6
Let z = -38 - -39. Let d(p) = 15*p - 1. Calculate d(z).
14
Suppose 69 - 29 = -2*o. Let j be 8/o + 18/(-5). Let z(v) = 4*v**2 - 6*v - 10. Let h(m) = m**2 - 1. Let y(u) = -5*h(u) + z(u). Determine y(j).
3
Let z(s) be the third derivative of s**6/120 - 7*s**5/60 + s**4/4 + s**3/6 - 3*s**2. Let i be z(6). Let d(g) = 0 + g**2 + 1 - 2*g**2 + i. What is d(2)?
-2
Let c(f) = -3*f - 4. Let j(l) = -l**3 - 3*l**2 + 6*l + 5. Let t be j(-4). Determine c(t).
5
Let r(q) = -q**2 - 7*q - 4. Let x be (-5)/((-15)/(-24)) + 3. Determine r(x).
6
Let c(f) = -f - 3. Suppose 0*x = -4*x + 3*t - 12, 0 = -t. Determine c(x).
0
Suppose -5*i - 47 + 82 = 0. Let y(p) = -p**2 + 4*p + 3. Determine y(i).
-18
Let i(y) be the first derivative of 2*y**3 + y**2 + y + 1. Suppose 3*d + 3 = 3*p, -1 = 3*p - 2*d - 7. Let f = -5 + p. What is i(f)?
5
Let z(l) = -2*l + 4. Suppose -n = 4 + 2. Give z(n).
16
Let i(f) be the third derivative of f**4/24 - 2*f**3/3 - 5*f**2. Let q be 2/5 - (-8)/5. Let g be 2/4 + (-1)/q. Calculate i(g).
-4
Let c(z) = z - 1. Let t(q) = -2*q + 5. Let x(l) = 4*c(l) + t(l). Suppose 73*j - 76*j = 6. Determine x(j).
-3
Let r(p) = 4*p. Let m(d) = 3*d. Let x be (27/12)/((-2)/(-8)). Suppose 0 = z - t - 8, 3*z - x = 5*t + 23. Let g(f) = z*r(f) - 5*m(f). Determine g(-1).
-1
Let s(z) = -z**3 - z. Let h be (-7)/(-3) + 12/18. Suppose -2*u + 5*u - h = 0. Give s(u).
-2
Let i(v) = -v**3 + 8*v**2 + 8*v + 3. Let t be i(9). Let l(g) = -g**3 - 6*g**2 + g + 7. What is l(t)?
1
Suppose -5*z = -3*z + 6. Let i = z - -3. Let b(w) be the second derivative of w**3/6 - 2*w**2 + w. What is b(i)?
-4
Let w(j) be the second derivative of -j**5/20 - j**4/6 - j**3/2 + 21*j. What is w(-2)?
6
Let f(a) be the second derivative of a**5/15 - a**4/12 + a**3/6 - 2*a**2 + 2*a. Let q(d) be the first derivative of f(d). Give q(1).
3
Let k(q) = q - 2. Let j = 3 - 3. Suppose -3*t + 2*t = j. Suppose 2*x + 4*g + 8 = t, 2*x + 8 = -5*g - 1. Give k(x).
-4
Let y(b) = -17 + 1 + 5*b**2 - 2*b - b**3 + 13. What is y(3)?
9
Let t(k) be the first derivative of -k**4/4 + k**3 - k + 19. Calculate t(3).
-1
Suppose 0 = -0*l - 4*l + 4. Let z(d) = -2 + 3*d - d**3 + 2*d - 3*d**2 + l. Let s(k) = k**3 - 8*k**2 - 2*k + 12. Let b be s(8). What is z(b)?
-5
Let n(t) = -t**3 + t**2 + 2*t + 1. Let m be n(0). Let c(h) = 15*h + 1. What is c(m)?
16
Let g(v) be the first derivative of -1 + 2*v**2 + 2/3*v**3 + 0*v. Determine g(-3).
6
Suppose -3*z = -7*z + 32. Let d(j) = j**2 - 8*j - 3. What is d(z)?
-3
Let x(y) = -3*y**3 + 2*y**2 - 3*y**2 - 1 + y**2. Suppose 4*s - 67 + 23 = -2*j, 0 = j. Suppose -3*g + 2*n - 4*n + s = 0, 10 = 2*g + 2*n. Give x(g).
-4
Let t(x) = -6*x + 4. Let h(k) = -24*k + 15. Let z(n) = -4*h(n) + 15*t(n). Suppose -3*w + 11 = d, 0*d = -4*w - 5*d. Let o be 3/(-5) - 2/w. Calculate z(o).
-6
Let m(q) = q**3 + 5. Let c be m(0). Let z(p) = p**2 - p. Let h(i) = 5*i**2 - 10*i + 4. Let r = -4 + 3. Let t(k) = r*h(k) + 4*z(k). What is t(c)?
1
Let y(o) = -3*o + 6*o + 0*o + 0 + 2. Give y(-2).
-4
Let h(r) = -r**2 - 12*r - 13. Let g(a) = a**2 + 11*a + 12. Let n(m) = -5*g(m) - 4*h(m). Calculate n(-7).
-8
Let u(p) = 4*p**2 - 202*p - 1 + 5*p**3 + 203*p - 4*p**3 - 1. Determine u(-2).
4
Let r(w) be the third derivative of w**5/60 - w**4/12 - w**3/6 + 10*w**2. Give r(5).
14
Let x(i) = 7*i**2 + 4*i + 5. Let w = 15 - 26. Let c(n) = -13*n**2 - 7*n - 9. Let m(h) = w*x(h) - 6*c(h). Suppose -3*f = 2*z - 22, 3*z - 16 = -1. Give m(f).
7
Let x be -2 - (-7 - (1 - 2)). Suppose -8 = x*t - 20. Let k(c) = -c**2 + 2*c + 4. Determine k(t).
1
Let j be (28/(-35))/(1/5). Let q(n) = n**2 + 4*n + 5. Determine q(j).
5
Let z be -3 + 54/9 - (6 + 1). Let f(w) = w**2 - w. Let i(v) = 7